{"version":"1.0","provider_name":"Vi\u1ec7n Ph\u00e1p t\u1ea1i Vi\u1ec7t Nam | Institut fran\u00e7ais du Vietnam","provider_url":"https:\/\/ifv.vn\/fr\/","author_name":"Local Hanoi","author_url":"https:\/\/ifv.vn\/fr\/author\/local-hanoi\/","title":"Collecter et recycler les d\u00e9chets \u00e0 H\u00e0 N\u00f4i - Vi\u1ec7n Ph\u00e1p t\u1ea1i Vi\u1ec7t Nam | Institut fran\u00e7ais du Vietnam","type":"rich","width":600,"height":338,"html":"<blockquote class=\"wp-embedded-content\" data-secret=\"ZZKtp6NdcD\"><a href=\"https:\/\/ifv.vn\/fr\/evenement\/collecter-et-recycler-les-dechets-a-ha-noi\/\">Collecter et recycler les d\u00e9chets \u00e0 H\u00e0 N\u00f4i<\/a><\/blockquote><iframe sandbox=\"allow-scripts\" security=\"restricted\" src=\"https:\/\/ifv.vn\/fr\/evenement\/collecter-et-recycler-les-dechets-a-ha-noi\/embed\/#?secret=ZZKtp6NdcD\" width=\"600\" height=\"338\" title=\"&laquo;&nbsp;Collecter et recycler les d\u00e9chets \u00e0 H\u00e0 N\u00f4i&nbsp;&raquo; &#8212; Vi\u1ec7n Ph\u00e1p t\u1ea1i Vi\u1ec7t Nam | Institut fran\u00e7ais du Vietnam\" data-secret=\"ZZKtp6NdcD\" frameborder=\"0\" marginwidth=\"0\" marginheight=\"0\" scrolling=\"no\" class=\"wp-embedded-content\"><\/iframe><script type=\"text\/javascript\">\n\/* <![CDATA[ *\/\n\/*! This file is auto-generated *\/\n!function(d,l){\"use strict\";l.querySelector&&d.addEventListener&&\"undefined\"!=typeof URL&&(d.wp=d.wp||{},d.wp.receiveEmbedMessage||(d.wp.receiveEmbedMessage=function(e){var t=e.data;if((t||t.secret||t.message||t.value)&&!\/[^a-zA-Z0-9]\/.test(t.secret)){for(var s,r,n,a=l.querySelectorAll('iframe[data-secret=\"'+t.secret+'\"]'),o=l.querySelectorAll('blockquote[data-secret=\"'+t.secret+'\"]'),c=new RegExp(\"^https?:$\",\"i\"),i=0;i<o.length;i++)o[i].style.display=\"none\";for(i=0;i<a.length;i++)s=a[i],e.source===s.contentWindow&&(s.removeAttribute(\"style\"),\"height\"===t.message?(1e3<(r=parseInt(t.value,10))?r=1e3:~~r<200&&(r=200),s.height=r):\"link\"===t.message&&(r=new URL(s.getAttribute(\"src\")),n=new URL(t.value),c.test(n.protocol))&&n.host===r.host&&l.activeElement===s&&(d.top.location.href=t.value))}},d.addEventListener(\"message\",d.wp.receiveEmbedMessage,!1),l.addEventListener(\"DOMContentLoaded\",function(){for(var e,t,s=l.querySelectorAll(\"iframe.wp-embedded-content\"),r=0;r<s.length;r++)(t=(e=s[r]).getAttribute(\"data-secret\"))||(t=Math.random().toString(36).substring(2,12),e.src+=\"#?secret=\"+t,e.setAttribute(\"data-secret\",t)),e.contentWindow.postMessage({message:\"ready\",secret:t},\"*\")},!1)))}(window,document);\n\/* ]]> *\/\n<\/script>\n","thumbnail_url":"https:\/\/ifv.vn\/wp-content\/uploads\/2024\/11\/table-ronde-sylvie-fanchette-site-web-1260-x-420-px-1.jpg","thumbnail_width":1260,"thumbnail_height":420,"description":"La gestion des d\u00e9chets est aujourd\u2019hui un enjeu primordial. Faire face \u00e0 leur croissance tr\u00e8s rapide depuis les ann\u00e9es 2000 et \u00e0 la saturation des d\u00e9charges demande un v\u00e9ritable plan de collecte et de gestion..."}

Viện Pháp tại Việt Nam | Institut français du Vietnam

Collecter et recycler les déchets à Hà Nôi - Viện Pháp tại Việt Nam | Institut français du Vietnam

<blockquote class="wp-embedded-content" data-secret="ZZKtp6NdcD"><a href="https://ifv.vn/fr/evenement/collecter-et-recycler-les-dechets-a-ha-noi/">Collecter et recycler les déchets à Hà Nôi</a></blockquote><iframe sandbox="allow-scripts" security="restricted" src="https://ifv.vn/fr/evenement/collecter-et-recycler-les-dechets-a-ha-noi/embed/#?secret=ZZKtp6NdcD" width="600" height="338" title="&laquo;&nbsp;Collecter et recycler les déchets à Hà Nôi&nbsp;&raquo; &#8212; Viện Pháp tại Việt Nam | Institut français du Vietnam" data-secret="ZZKtp6NdcD" frameborder="0" marginwidth="0" marginheight="0" scrolling="no" class="wp-embedded-content"></iframe><script type="text/javascript">
/* <![CDATA[ */
/*! This file is auto-generated */
!function(d,l){"use strict";l.querySelector&&d.addEventListener&&"undefined"!=typeof URL&&(d.wp=d.wp||{},d.wp.receiveEmbedMessage||(d.wp.receiveEmbedMessage=function(e){var t=e.data;if((t||t.secret||t.message||t.value)&&!/[^a-zA-Z0-9]/.test(t.secret)){for(var s,r,n,a=l.querySelectorAll('iframe[data-secret="'+t.secret+'"]'),o=l.querySelectorAll('blockquote[data-secret="'+t.secret+'"]'),c=new RegExp("^https?:$","i"),i=0;i<o.length;i++)o[i].style.display="none";for(i=0;i<a.length;i++)s=a[i],e.source===s.contentWindow&&(s.removeAttribute("style"),"height"===t.message?(1e3<(r=parseInt(t.value,10))?r=1e3:~~r<200&&(r=200),s.height=r):"link"===t.message&&(r=new URL(s.getAttribute("src")),n=new URL(t.value),c.test(n.protocol))&&n.host===r.host&&l.activeElement===s&&(d.top.location.href=t.value))}},d.addEventListener("message",d.wp.receiveEmbedMessage,!1),l.addEventListener("DOMContentLoaded",function(){for(var e,t,s=l.querySelectorAll("iframe.wp-embedded-content"),r=0;r<s.length;r++)(t=(e=s[r]).getAttribute("data-secret"))||(t=Math.random().toString(36).substring(2,12),e.src+="#?secret="+t,e.setAttribute("data-secret",t)),e.contentWindow.postMessage({message:"ready",secret:t},"*")},!1)))}(window,document);
/* ]]> */
</script>

La gestion des déchets est aujourd’hui un enjeu primordial. Faire face à leur croissance très rapide depuis les années 2000 et à la saturation des décharges demande un véritable plan de collecte et de gestion...
