{"version":"1.0","provider_name":"Vi\u1ec7n Ph\u00e1p t\u1ea1i Vi\u1ec7t Nam | Institut fran\u00e7ais du Vietnam","provider_url":"https:\/\/ifv.vn\/fr\/","author_name":"Local Hue","author_url":"https:\/\/ifv.vn\/fr\/author\/local-hue\/","title":"Duo piano & violon: Vincent Adragna et Chuong Vu - Vi\u1ec7n Ph\u00e1p t\u1ea1i Vi\u1ec7t Nam | Institut fran\u00e7ais du Vietnam","type":"rich","width":600,"height":338,"html":"<blockquote class=\"wp-embedded-content\" data-secret=\"9El59Mpkxe\"><a href=\"https:\/\/ifv.vn\/fr\/evenement\/duo\/\">Duo piano &#038; violon: Vincent Adragna et Chuong Vu<\/a><\/blockquote><iframe sandbox=\"allow-scripts\" security=\"restricted\" src=\"https:\/\/ifv.vn\/fr\/evenement\/duo\/embed\/#?secret=9El59Mpkxe\" width=\"600\" height=\"338\" title=\"&laquo;&nbsp;Duo piano &#038; violon: Vincent Adragna et Chuong Vu&nbsp;&raquo; &#8212; Vi\u1ec7n Ph\u00e1p t\u1ea1i Vi\u1ec7t Nam | Institut fran\u00e7ais du Vietnam\" data-secret=\"9El59Mpkxe\" frameborder=\"0\" marginwidth=\"0\" marginheight=\"0\" scrolling=\"no\" class=\"wp-embedded-content\"><\/iframe><script type=\"text\/javascript\">\n\/* <![CDATA[ *\/\n\/*! This file is auto-generated *\/\n!function(d,l){\"use strict\";l.querySelector&&d.addEventListener&&\"undefined\"!=typeof URL&&(d.wp=d.wp||{},d.wp.receiveEmbedMessage||(d.wp.receiveEmbedMessage=function(e){var t=e.data;if((t||t.secret||t.message||t.value)&&!\/[^a-zA-Z0-9]\/.test(t.secret)){for(var s,r,n,a=l.querySelectorAll('iframe[data-secret=\"'+t.secret+'\"]'),o=l.querySelectorAll('blockquote[data-secret=\"'+t.secret+'\"]'),c=new RegExp(\"^https?:$\",\"i\"),i=0;i<o.length;i++)o[i].style.display=\"none\";for(i=0;i<a.length;i++)s=a[i],e.source===s.contentWindow&&(s.removeAttribute(\"style\"),\"height\"===t.message?(1e3<(r=parseInt(t.value,10))?r=1e3:~~r<200&&(r=200),s.height=r):\"link\"===t.message&&(r=new URL(s.getAttribute(\"src\")),n=new URL(t.value),c.test(n.protocol))&&n.host===r.host&&l.activeElement===s&&(d.top.location.href=t.value))}},d.addEventListener(\"message\",d.wp.receiveEmbedMessage,!1),l.addEventListener(\"DOMContentLoaded\",function(){for(var e,t,s=l.querySelectorAll(\"iframe.wp-embedded-content\"),r=0;r<s.length;r++)(t=(e=s[r]).getAttribute(\"data-secret\"))||(t=Math.random().toString(36).substring(2,12),e.src+=\"#?secret=\"+t,e.setAttribute(\"data-secret\",t)),e.contentWindow.postMessage({message:\"ready\",secret:t},\"*\")},!1)))}(window,document);\n\/* ]]> *\/\n<\/script>\n","thumbnail_url":"https:\/\/ifv.vn\/wp-content\/uploads\/2022\/05\/12-05-cover-web-01.png","thumbnail_width":1261,"thumbnail_height":421,"description":"L\u2019Institut fran\u00e7ais de Hu\u00e9 et Vietnam Connection Music Festival ont le plaisir de vous pr\u00e9senter le concert de musique classique intitul\u00e9 Duo piano \u2013 violon sur la sc\u00e8ne de l'Acad\u00e9mie de Musique de Hu\u00e9. Le concert va emmener le public m\u00e9lomane dans un voyage de d\u00e9couverte d'\u0153uvres classiques pass\u00e9es au prisme des cultures franco \u2013 vietnamiennes, des techniques et \u00e9motions des deux artistes : Vincent Adragna (piano) et Chuong Vu (violon). Le programme permettra au public d'appr\u00e9cier des \u0153uvres classiques de compositeurs c\u00e9l\u00e8bres tels que Claude Debussy, Maurice Ravel, Johannes Brahms, Gabriel Faur\u00e9 et Lili Boulanger"}

Viện Pháp tại Việt Nam | Institut français du Vietnam

Duo piano & violon: Vincent Adragna et Chuong Vu - Viện Pháp tại Việt Nam | Institut français du Vietnam

<blockquote class="wp-embedded-content" data-secret="9El59Mpkxe"><a href="https://ifv.vn/fr/evenement/duo/">Duo piano &#038; violon: Vincent Adragna et Chuong Vu</a></blockquote><iframe sandbox="allow-scripts" security="restricted" src="https://ifv.vn/fr/evenement/duo/embed/#?secret=9El59Mpkxe" width="600" height="338" title="&laquo;&nbsp;Duo piano &#038; violon: Vincent Adragna et Chuong Vu&nbsp;&raquo; &#8212; Viện Pháp tại Việt Nam | Institut français du Vietnam" data-secret="9El59Mpkxe" frameborder="0" marginwidth="0" marginheight="0" scrolling="no" class="wp-embedded-content"></iframe><script type="text/javascript">
/* <![CDATA[ */
/*! This file is auto-generated */
!function(d,l){"use strict";l.querySelector&&d.addEventListener&&"undefined"!=typeof URL&&(d.wp=d.wp||{},d.wp.receiveEmbedMessage||(d.wp.receiveEmbedMessage=function(e){var t=e.data;if((t||t.secret||t.message||t.value)&&!/[^a-zA-Z0-9]/.test(t.secret)){for(var s,r,n,a=l.querySelectorAll('iframe[data-secret="'+t.secret+'"]'),o=l.querySelectorAll('blockquote[data-secret="'+t.secret+'"]'),c=new RegExp("^https?:$","i"),i=0;i<o.length;i++)o[i].style.display="none";for(i=0;i<a.length;i++)s=a[i],e.source===s.contentWindow&&(s.removeAttribute("style"),"height"===t.message?(1e3<(r=parseInt(t.value,10))?r=1e3:~~r<200&&(r=200),s.height=r):"link"===t.message&&(r=new URL(s.getAttribute("src")),n=new URL(t.value),c.test(n.protocol))&&n.host===r.host&&l.activeElement===s&&(d.top.location.href=t.value))}},d.addEventListener("message",d.wp.receiveEmbedMessage,!1),l.addEventListener("DOMContentLoaded",function(){for(var e,t,s=l.querySelectorAll("iframe.wp-embedded-content"),r=0;r<s.length;r++)(t=(e=s[r]).getAttribute("data-secret"))||(t=Math.random().toString(36).substring(2,12),e.src+="#?secret="+t,e.setAttribute("data-secret",t)),e.contentWindow.postMessage({message:"ready",secret:t},"*")},!1)))}(window,document);
/* ]]> */
</script>

L’Institut français de Hué et Vietnam Connection Music Festival ont le plaisir de vous présenter le concert de musique classique intitulé Duo piano – violon sur la scène de l'Académie de Musique de Hué. Le concert va emmener le public mélomane dans un voyage de découverte d'œuvres classiques passées au prisme des cultures franco – vietnamiennes, des techniques et émotions des deux artistes : Vincent Adragna (piano) et Chuong Vu (violon). Le programme permettra au public d'apprécier des œuvres classiques de compositeurs célèbres tels que Claude Debussy, Maurice Ravel, Johannes Brahms, Gabriel Fauré et Lili Boulanger
