{"version":"1.0","provider_name":"Vi\u1ec7n Ph\u00e1p t\u1ea1i Vi\u1ec7t Nam | Institut fran\u00e7ais du Vietnam","provider_url":"https:\/\/ifv.vn\/fr\/","author_name":"stagiaire.com.hcm","author_url":"https:\/\/ifv.vn\/fr\/author\/stagiaire-com-hcm\/","title":"La plane\u0300te sauvage - Vi\u1ec7n Ph\u00e1p t\u1ea1i Vi\u1ec7t Nam | Institut fran\u00e7ais du Vietnam","type":"rich","width":600,"height":338,"html":"<blockquote class=\"wp-embedded-content\" data-secret=\"S7hyn5LIck\"><a href=\"https:\/\/ifv.vn\/fr\/evenement\/la-planete-sauvage\/\">La plane\u0300te sauvage<\/a><\/blockquote><iframe sandbox=\"allow-scripts\" security=\"restricted\" src=\"https:\/\/ifv.vn\/fr\/evenement\/la-planete-sauvage\/embed\/#?secret=S7hyn5LIck\" width=\"600\" height=\"338\" title=\"&laquo;&nbsp;La plane\u0300te sauvage&nbsp;&raquo; &#8212; Vi\u1ec7n Ph\u00e1p t\u1ea1i Vi\u1ec7t Nam | Institut fran\u00e7ais du Vietnam\" data-secret=\"S7hyn5LIck\" frameborder=\"0\" marginwidth=\"0\" marginheight=\"0\" scrolling=\"no\" class=\"wp-embedded-content\"><\/iframe><script type=\"text\/javascript\">\n\/* <![CDATA[ *\/\n\/*! This file is auto-generated *\/\n!function(d,l){\"use strict\";l.querySelector&&d.addEventListener&&\"undefined\"!=typeof URL&&(d.wp=d.wp||{},d.wp.receiveEmbedMessage||(d.wp.receiveEmbedMessage=function(e){var t=e.data;if((t||t.secret||t.message||t.value)&&!\/[^a-zA-Z0-9]\/.test(t.secret)){for(var s,r,n,a=l.querySelectorAll('iframe[data-secret=\"'+t.secret+'\"]'),o=l.querySelectorAll('blockquote[data-secret=\"'+t.secret+'\"]'),c=new RegExp(\"^https?:$\",\"i\"),i=0;i<o.length;i++)o[i].style.display=\"none\";for(i=0;i<a.length;i++)s=a[i],e.source===s.contentWindow&&(s.removeAttribute(\"style\"),\"height\"===t.message?(1e3<(r=parseInt(t.value,10))?r=1e3:~~r<200&&(r=200),s.height=r):\"link\"===t.message&&(r=new URL(s.getAttribute(\"src\")),n=new URL(t.value),c.test(n.protocol))&&n.host===r.host&&l.activeElement===s&&(d.top.location.href=t.value))}},d.addEventListener(\"message\",d.wp.receiveEmbedMessage,!1),l.addEventListener(\"DOMContentLoaded\",function(){for(var e,t,s=l.querySelectorAll(\"iframe.wp-embedded-content\"),r=0;r<s.length;r++)(t=(e=s[r]).getAttribute(\"data-secret\"))||(t=Math.random().toString(36).substring(2,12),e.src+=\"#?secret=\"+t,e.setAttribute(\"data-secret\",t)),e.contentWindow.postMessage({message:\"ready\",secret:t},\"*\")},!1)))}(window,document);\n\/* ]]> *\/\n<\/script>\n","thumbnail_url":"https:\/\/ifv.vn\/wp-content\/uploads\/2022\/11\/la-planete-sauvage.jpg","thumbnail_width":1260,"thumbnail_height":757,"description":"Les Draags vivent sur une plan\u00e8te \u00e9trange, \u00e0 l'extravagante v\u00e9g\u00e9tation. Ils ont recueilli le minuscule peuple des Oms, qu'une catastrophe a chass\u00e9 de sa lointaine plan\u00e8te. Les adolescents Draags privil\u00e9gi\u00e9s ont le droit d'\u00e9lever des Oms. C'est ainsi que Tina ch\u00e9rit sa petite mascotte, Terr, et le laisse profiter des le\u00e7ons que lui dispensent ses \u00e9couteurs. Terr devient ainsi fort savant. Les dirigeants des Draags s'aper\u00e7oivent de l'intelligence des Oms et constatent leur rigoureuse organisation. Pressentant une menace, ils d\u00e9cident d'en finir une bonne fois pour toutes avec leurs petits h\u00f4tes..."}

Viện Pháp tại Việt Nam | Institut français du Vietnam

La planète sauvage - Viện Pháp tại Việt Nam | Institut français du Vietnam

<blockquote class="wp-embedded-content" data-secret="S7hyn5LIck"><a href="https://ifv.vn/fr/evenement/la-planete-sauvage/">La planète sauvage</a></blockquote><iframe sandbox="allow-scripts" security="restricted" src="https://ifv.vn/fr/evenement/la-planete-sauvage/embed/#?secret=S7hyn5LIck" width="600" height="338" title="&laquo;&nbsp;La planète sauvage&nbsp;&raquo; &#8212; Viện Pháp tại Việt Nam | Institut français du Vietnam" data-secret="S7hyn5LIck" frameborder="0" marginwidth="0" marginheight="0" scrolling="no" class="wp-embedded-content"></iframe><script type="text/javascript">
/* <![CDATA[ */
/*! This file is auto-generated */
!function(d,l){"use strict";l.querySelector&&d.addEventListener&&"undefined"!=typeof URL&&(d.wp=d.wp||{},d.wp.receiveEmbedMessage||(d.wp.receiveEmbedMessage=function(e){var t=e.data;if((t||t.secret||t.message||t.value)&&!/[^a-zA-Z0-9]/.test(t.secret)){for(var s,r,n,a=l.querySelectorAll('iframe[data-secret="'+t.secret+'"]'),o=l.querySelectorAll('blockquote[data-secret="'+t.secret+'"]'),c=new RegExp("^https?:$","i"),i=0;i<o.length;i++)o[i].style.display="none";for(i=0;i<a.length;i++)s=a[i],e.source===s.contentWindow&&(s.removeAttribute("style"),"height"===t.message?(1e3<(r=parseInt(t.value,10))?r=1e3:~~r<200&&(r=200),s.height=r):"link"===t.message&&(r=new URL(s.getAttribute("src")),n=new URL(t.value),c.test(n.protocol))&&n.host===r.host&&l.activeElement===s&&(d.top.location.href=t.value))}},d.addEventListener("message",d.wp.receiveEmbedMessage,!1),l.addEventListener("DOMContentLoaded",function(){for(var e,t,s=l.querySelectorAll("iframe.wp-embedded-content"),r=0;r<s.length;r++)(t=(e=s[r]).getAttribute("data-secret"))||(t=Math.random().toString(36).substring(2,12),e.src+="#?secret="+t,e.setAttribute("data-secret",t)),e.contentWindow.postMessage({message:"ready",secret:t},"*")},!1)))}(window,document);
/* ]]> */
</script>

Les Draags vivent sur une planète étrange, à l'extravagante végétation. Ils ont recueilli le minuscule peuple des Oms, qu'une catastrophe a chassé de sa lointaine planète. Les adolescents Draags privilégiés ont le droit d'élever des Oms. C'est ainsi que Tina chérit sa petite mascotte, Terr, et le laisse profiter des leçons que lui dispensent ses écouteurs. Terr devient ainsi fort savant. Les dirigeants des Draags s'aperçoivent de l'intelligence des Oms et constatent leur rigoureuse organisation. Pressentant une menace, ils décident d'en finir une bonne fois pour toutes avec leurs petits hôtes...
