{"version":"1.0","provider_name":"Vi\u1ec7n Ph\u00e1p t\u1ea1i Vi\u1ec7t Nam | Institut fran\u00e7ais du Vietnam","provider_url":"https:\/\/ifv.vn\/fr\/","author_name":"Local Hue","author_url":"https:\/\/ifv.vn\/fr\/author\/local-hue\/","title":"Le M\u00e9kong, \u00e0 hauteur d'hommes - Vi\u1ec7n Ph\u00e1p t\u1ea1i Vi\u1ec7t Nam | Institut fran\u00e7ais du Vietnam","type":"rich","width":600,"height":338,"html":"<blockquote class=\"wp-embedded-content\" data-secret=\"9RxNgXRw5I\"><a href=\"https:\/\/ifv.vn\/fr\/evenement\/me-kong-chuyen-doi-bo\/\">Le M\u00e9kong, \u00e0 hauteur d&rsquo;hommes<\/a><\/blockquote><iframe sandbox=\"allow-scripts\" security=\"restricted\" src=\"https:\/\/ifv.vn\/fr\/evenement\/me-kong-chuyen-doi-bo\/embed\/#?secret=9RxNgXRw5I\" width=\"600\" height=\"338\" title=\"&laquo;&nbsp;Le M\u00e9kong, \u00e0 hauteur d&rsquo;hommes&nbsp;&raquo; &#8212; Vi\u1ec7n Ph\u00e1p t\u1ea1i Vi\u1ec7t Nam | Institut fran\u00e7ais du Vietnam\" data-secret=\"9RxNgXRw5I\" frameborder=\"0\" marginwidth=\"0\" marginheight=\"0\" scrolling=\"no\" class=\"wp-embedded-content\"><\/iframe><script type=\"text\/javascript\">\n\/* <![CDATA[ *\/\n\/*! This file is auto-generated *\/\n!function(d,l){\"use strict\";l.querySelector&&d.addEventListener&&\"undefined\"!=typeof URL&&(d.wp=d.wp||{},d.wp.receiveEmbedMessage||(d.wp.receiveEmbedMessage=function(e){var t=e.data;if((t||t.secret||t.message||t.value)&&!\/[^a-zA-Z0-9]\/.test(t.secret)){for(var s,r,n,a=l.querySelectorAll('iframe[data-secret=\"'+t.secret+'\"]'),o=l.querySelectorAll('blockquote[data-secret=\"'+t.secret+'\"]'),c=new RegExp(\"^https?:$\",\"i\"),i=0;i<o.length;i++)o[i].style.display=\"none\";for(i=0;i<a.length;i++)s=a[i],e.source===s.contentWindow&&(s.removeAttribute(\"style\"),\"height\"===t.message?(1e3<(r=parseInt(t.value,10))?r=1e3:~~r<200&&(r=200),s.height=r):\"link\"===t.message&&(r=new URL(s.getAttribute(\"src\")),n=new URL(t.value),c.test(n.protocol))&&n.host===r.host&&l.activeElement===s&&(d.top.location.href=t.value))}},d.addEventListener(\"message\",d.wp.receiveEmbedMessage,!1),l.addEventListener(\"DOMContentLoaded\",function(){for(var e,t,s=l.querySelectorAll(\"iframe.wp-embedded-content\"),r=0;r<s.length;r++)(t=(e=s[r]).getAttribute(\"data-secret\"))||(t=Math.random().toString(36).substring(2,12),e.src+=\"#?secret=\"+t,e.setAttribute(\"data-secret\",t)),e.contentWindow.postMessage({message:\"ready\",secret:t},\"*\")},!1)))}(window,document);\n\/* ]]> *\/\n<\/script>\n","thumbnail_url":"https:\/\/ifv.vn\/wp-content\/uploads\/2022\/06\/ldh-web-banner-1024x342.png","thumbnail_width":1024,"thumbnail_height":342,"description":"Lam Duc Hien a parcouru le M\u00e9kong sur un tron\u00e7on de 4 200 km, en suivant ses eaux depuis le delta anim\u00e9 de la rivi\u00e8re des Neuf Dragons au Vietnam jusqu'\u00e0 sa source dans le plateau tib\u00e9tain enneig\u00e9. Ce voyage \u00e0 travers les continents a une signification particuli\u00e8re pour Lam en tant que photographe franco-vietnamien qui a pass\u00e9 son enfance sur les rives du M\u00e9kong au Laos, o\u00f9 il est affectueusement appel\u00e9 M\u00e8re des rivi\u00e8res. Dans ce journal visuel, Lam m\u00eale son histoire personnelle \u00e0 celle des habitants actuels de la rivi\u00e8re. Ici, le M\u00e9kong relie et divise simultan\u00e9ment les terres, les cultures et les destins."}

Viện Pháp tại Việt Nam | Institut français du Vietnam

Le Mékong, à hauteur d'hommes - Viện Pháp tại Việt Nam | Institut français du Vietnam

<blockquote class="wp-embedded-content" data-secret="9RxNgXRw5I"><a href="https://ifv.vn/fr/evenement/me-kong-chuyen-doi-bo/">Le Mékong, à hauteur d&rsquo;hommes</a></blockquote><iframe sandbox="allow-scripts" security="restricted" src="https://ifv.vn/fr/evenement/me-kong-chuyen-doi-bo/embed/#?secret=9RxNgXRw5I" width="600" height="338" title="&laquo;&nbsp;Le Mékong, à hauteur d&rsquo;hommes&nbsp;&raquo; &#8212; Viện Pháp tại Việt Nam | Institut français du Vietnam" data-secret="9RxNgXRw5I" frameborder="0" marginwidth="0" marginheight="0" scrolling="no" class="wp-embedded-content"></iframe><script type="text/javascript">
/* <![CDATA[ */
/*! This file is auto-generated */
!function(d,l){"use strict";l.querySelector&&d.addEventListener&&"undefined"!=typeof URL&&(d.wp=d.wp||{},d.wp.receiveEmbedMessage||(d.wp.receiveEmbedMessage=function(e){var t=e.data;if((t||t.secret||t.message||t.value)&&!/[^a-zA-Z0-9]/.test(t.secret)){for(var s,r,n,a=l.querySelectorAll('iframe[data-secret="'+t.secret+'"]'),o=l.querySelectorAll('blockquote[data-secret="'+t.secret+'"]'),c=new RegExp("^https?:$","i"),i=0;i<o.length;i++)o[i].style.display="none";for(i=0;i<a.length;i++)s=a[i],e.source===s.contentWindow&&(s.removeAttribute("style"),"height"===t.message?(1e3<(r=parseInt(t.value,10))?r=1e3:~~r<200&&(r=200),s.height=r):"link"===t.message&&(r=new URL(s.getAttribute("src")),n=new URL(t.value),c.test(n.protocol))&&n.host===r.host&&l.activeElement===s&&(d.top.location.href=t.value))}},d.addEventListener("message",d.wp.receiveEmbedMessage,!1),l.addEventListener("DOMContentLoaded",function(){for(var e,t,s=l.querySelectorAll("iframe.wp-embedded-content"),r=0;r<s.length;r++)(t=(e=s[r]).getAttribute("data-secret"))||(t=Math.random().toString(36).substring(2,12),e.src+="#?secret="+t,e.setAttribute("data-secret",t)),e.contentWindow.postMessage({message:"ready",secret:t},"*")},!1)))}(window,document);
/* ]]> */
</script>

Lam Duc Hien a parcouru le Mékong sur un tronçon de 4 200 km, en suivant ses eaux depuis le delta animé de la rivière des Neuf Dragons au Vietnam jusqu'à sa source dans le plateau tibétain enneigé. Ce voyage à travers les continents a une signification particulière pour Lam en tant que photographe franco-vietnamien qui a passé son enfance sur les rives du Mékong au Laos, où il est affectueusement appelé Mère des rivières. Dans ce journal visuel, Lam mêle son histoire personnelle à celle des habitants actuels de la rivière. Ici, le Mékong relie et divise simultanément les terres, les cultures et les destins.
